ivisor of m and 35?
35
Suppose -3*b + 40 + 224 = 0. Let g(n) = -n**3 - 30*n**2 - 28*n + 40. Let m be g(-29). What is the greatest common factor of m and b?
11
Let u = -558 + 570. What is the greatest common divisor of u and 148?
4
Let m(j) = 26*j - 1. Let y be m(1). Suppose -6*t - y = -11*t. Suppose -70 - 25 = -t*c. Calculate the greatest common divisor of c and 19.
19
Let l(o) = -o**3 - 37*o**2 - 39*o - 54. Let r be l(-36). Calculate the highest common factor of r and 243.
27
Suppose 2*g - 13*g + 286 = 0. Calculate the highest common divisor of g and 6.
2
Suppose 0 = -3*r, 3*r = 15*m - 17*m + 40. Calculate the highest common factor of 160 and m.
20
Suppose -3*h - 4*o + 209 = 0, 4*o + 221 = 3*h + 5*o. What is the highest common factor of 45 and h?
15
Suppose -21 = 3*j - 0. Let i be (j/14)/((-3)/108). What is the greatest common divisor of 198 and i?
18
Let g = -9 + 12. Let z(w) = -10*w + 132. Let v be z(12). Calculate the highest common divisor of g and v.
3
Let z = -11269 + 11277. Let r = -12 + 24. Calculate the greatest common divisor of z and r.
4
Let x be (-1 + -16)/((-2)/2). Suppose 3 + x = h. Suppose 4*y - 2*y = 8. Calculate the greatest common factor of y and h.
4
Suppose -5*m = -3*x - 2*x + 60, 40 = 3*x - 4*m. Let n(k) = 4*k**3. Let h be n(1). Let w be (-48)/(-15)*50/h. What is the highest common factor of w and x?
8
Let w(a) = a**3 + 2*a + 39. Let f be w(5). What is the greatest common divisor of f and 12?
6
Suppose 272 = -32*u + 1296. Calculate the greatest common factor of u and 16.
16
Let d = 67 - 56. Suppose -2*a = d*a - 728. Calculate the greatest common divisor of a and 7.
7
Let z(q) be the second derivative of -q**5/20 + 5*q**4/4 + 17*q**3/6 - 5*q**2/2 + 28*q. Let m be z(16). Calculate the highest common divisor of 44 and m.
11
Let c be (6/4)/((-2)/(-4)). Suppose c*v = 2*v. Suppose 2*t - 3*k = 51, v*t + 2*k - 80 = -5*t. Calculate the highest common factor of 27 and t.
9
Let q = -18 + 4. Let i = q - 14. Let n be (-500)/(-14) + (-8)/i. What is the greatest common factor of 24 and n?
12
Let i(w) = w**3 - 9*w**2 + 12*w - 26. Let d be i(8). Suppose s - 15 = -0. Calculate the greatest common divisor of d and s.
3
Let g = 30 + -20. Let a = g - 7. Suppose 4*o - a*c = 64, -4*c = 2*o - 6*c - 30. Calculate the highest common factor of 133 and o.
19
Let t be -3 + 1 - 1*-6. Let x be (-30)/t*1188/55. Let m be ((-2)/(-3))/((-12)/x). Calculate the highest common divisor of m and 3.
3
Let r be ((-9)/6 + 2)*30. Let l be (-19 + 18)/(1/(-3)). Calculate the greatest common factor of r and l.
3
Suppose w - 6 = 3*l - 2*l, -2*l = w. Calculate the greatest common divisor of w and 46.
2
Let a be (4/(-10))/((-2)/10). Let r be 25 - 1/(a/2). Let p(h) = h**2 - 15*h - 50. Let k be p(-3). What is the highest common divisor of r and k?
4
Suppose -s = f + 2, 0 = 5*f - s + 2*s + 14. Let t be 2 + (2 + -2)/f. Suppose l + 3*k - 78 = -l, 5*k = -t*l + 78. What is the highest common factor of l and 13?
13
Suppose 386 = 3*o - 2*x, 249 = 2*o - 2*x - x. Calculate the greatest common divisor of o and 88.
44
Let a be ((-180)/14)/((-21)/196). What is the greatest common divisor of 8 and a?
8
Let g(y) = -y + 12. Let v(n) = n**2 - 6*n + 3. Let l be v(7). Let k be g(l). Suppose 4*h = k*h + 26. What is the highest common factor of h and 65?
13
Suppose 4*p + 4 = 0, -p - 430 - 91 = -4*h. What is the highest common factor of h and 10?
10
Suppose -4*a = -9*a + 520. Suppose 2*s - a = -4*b, -3*b = -5*s - 5*b + 268. Suppose 7*q = 4*q + 18. Calculate the highest common factor of q and s.
6
Suppose -4*s + 3*s - 50 = -h, 2*s - 182 = -4*h. Let m = h + 7. What is the highest common factor of 54 and m?
54
Let j be 144/4 + (4 - 0). Suppose 5*a + 50 = 4*d - 20, 0 = 5*d + 4*a - 108. Calculate the highest common factor of d and j.
20
Let c(k) = -194*k**3 + 2*k**2 + k. Let v be (-2 + 4)*3/(-6). Let h be c(v). What is the greatest common divisor of 78 and h?
39
Let g = -1019 + 1182. Calculate the greatest common divisor of 3097 and g.
163
Let g be (100 - 211)*(-5)/3. What is the highest common divisor of 74 and g?
37
Suppose i - 355 = -3*z + 500, z + 2555 = 3*i. Calculate the highest common divisor of 60 and i.
12
Let w = 547 + -387. What is the greatest common divisor of w and 70?
10
Suppose -3*x + w + 509 = 0, 175 - 27 = x + 4*w. What is the highest common divisor of x and 42?
42
Suppose -33*h + 30 = -39*h. Let f(c) = -9*c - 30. Let u be f(h). Calculate the highest common divisor of 10 and u.
5
Let t(n) = n**3 + 5*n**2 - 2*n + 7. Let k be t(6). Calculate the highest common divisor of k and 23.
23
Let u(w) = 49*w**2 - w. Let l be u(-1). Let b = 18 - l. Let d be (27/4)/((-3)/b). Calculate the greatest common factor of d and 36.
36
Let j(b) = -3 + 12 + 1 + 4 - 15*b - b**2. Let p be j(-15). Let q be 1 - -1 - (-12)/1. Calculate the highest common divisor of p and q.
14
Let j(d) = -15*d + 114. Let n be j(6). Calculate the greatest common factor of n and 3144.
24
Let y = -226 + 447. What is the highest common divisor of y and 78?
13
Let r = 22 - 1. Let m(s) = 2*s**2 + 11*s - 7. Let b be m(7). Calculate the greatest common factor of b and r.
21
Let x = 13 - -2. Let u be 6*(0 + x/(-6)). Let c = -3 - u. Calculate the highest common factor of 12 and c.
12
Let b be -245*(-8)/30*(-6)/(-4). What is the greatest common divisor of b and 14?
14
Let m be (8/(-6))/(26/(-234)). What is the highest common divisor of 60 and m?
12
Let f(p) = p**3 - 6*p**2 + 7*p + 7. Let d be f(5). What is the greatest common factor of 1 and d?
1
Let m = 133 - 202. Let d = 117 + m. What is the highest common factor of d and 72?
24
Suppose 4*d = -2*d - 648. Let t = 311 + d. What is the greatest common divisor of t and 29?
29
Suppose -31*b - 18*b + 1225 = 0. What is the highest common divisor of 1125 and b?
25
Let m(w) = 12*w**2 - 2*w + 14. Let g be m(3). Calculate the greatest common factor of 116 and g.
116
Let z = 263 + -188. Suppose j = 0, k + 3*j = 5*k - 12. Suppose 2*b - 2*h - 52 = 0, -4*b - k*h = -0*b - 97. What is the highest common factor of z and b?
25
Let s be (-4)/10 + (-1308)/(-20). Let o = s - 44. Calculate the highest common factor of 168 and o.
21
Let c be (-66748)/(-370) - (-4)/(-10). What is the greatest common factor of 4 and c?
4
Suppose 0 = 2*f + 6212 + 10252. Let b = f - -5862. Let m be (-4)/(-14) + b/(-35). What is the highest common divisor of m and 17?
17
Let l(f) = -3*f**3 + 6*f**2 - 3*f - 12. Let c be l(-3). What is the greatest common divisor of 44 and c?
44
Let d(y) = -23*y + 948. Let b be d(39). Calculate the greatest common divisor of 2397 and b.
51
Suppose 9*j = -0*j + 1026. What is the greatest common divisor of j and 6?
6
Let s(x) = -x**3 + 11*x**2 - 11*x + 5. Let n be s(7). Let i = n - 70. Let l = -32 + i. What is the greatest common factor of l and 11?
11
Let o(w) = w**3 - 8*w**2 + 10*w - 12. Let n be 9 + -2 + 2 + -2. Let s be o(n). Calculate the highest common divisor of s and 99.
9
Let v = -94 + 98. Suppose 484 = 3*s + i, s - 195 = v*i - 25. What is the greatest common factor of 18 and s?
18
Suppose 65 - 213 = -5*x - 4*u, -5*x + 3*u = -134. What is the highest common divisor of x and 1792?
28
Let c(m) = -24*m + 145. Let v be c(5). Calculate the highest common factor of 125 and v.
25
Let q = -6 - -10. Suppose -b - q*b + 25 = 0. Suppose 7*o - 4*o = -3*s + 48, b*s = 2*o - 11. Calculate the greatest common divisor of o and 26.
13
Suppose 7 = 3*q + g + 1, -3*g = 9. Suppose -4*l + 401 = -5*s, -3*l + q*s + 67 = -233. What is the highest common factor of l and 9?
9
Suppose 0 = 3*x - x - 108. Let r = 189 - 113. Let m = r - x. What is the highest common factor of 11 and m?
11
Let f = 195 + -165. What is the highest common divisor of f and 165?
15
Let g(o) = -2*o**2 - 5*o + 45. Let r be g(-6). Suppose -3 = k, k + 3*k = -3*j - 111. Let w = j + 57. What is the greatest common factor of w and r?
3
Let n = -52 - -79. Let w = 187 + -106. Calculate the greatest common factor of w and n.
27
Let d be -1 - 0 - (66*-3 + -1). Let u be (-6)/(-30) - (d/(-5))/2. Calculate the highest common factor of 15 and u.
5
Let j(n) = -6*n + 14. Let f be j(14). Let v = f - -94. What is the highest common divisor of 3 and v?
3
Let o(p) = 8*p**2 - 2*p. Let i be o(4). Suppose -8*m + 672 = 6*m. Calculate the greatest common factor of 